 186800663 a composite number?
True
Is 46004627 a composite number?
False
Is 2909229 a prime number?
False
Is 533352459 prime?
False
Is 16699279 prime?
True
Is 180044201 a prime number?
True
Is 7619099 a composite number?
False
Is 425953811 composite?
False
Is 301946842 composite?
True
Is 6604901 a composite number?
False
Is 626061 a composite number?
True
Is 227231411 prime?
False
Is 16837307 composite?
True
Is 1357387 a prime number?
False
Is 309649 composite?
True
Is 8667502 a composite number?
True
Is 136315931 composite?
True
Is 432591011 a prime number?
True
Is 8315653 a prime number?
False
Is 1698349 prime?
True
Is 89940701 a composite number?
False
Is 574537841 a composite number?
False
Is 1412153 a composite number?
False
Is 119168069 composite?
False
Is 96681493 a composite number?
True
Is 2276501 a composite number?
True
Is 186097 a composite number?
False
Is 47542661 composite?
False
Is 1313771 prime?
True
Is 856897 composite?
False
Is 100399697 a prime number?
True
Is 3179339 a prime number?
True
Is 14320354 composite?
True
Is 76657307 a prime number?
False
Is 1296307 a prime number?
False
Is 76174193 a composite number?
False
Is 5954426 a prime number?
False
Is 26522441 prime?
False
Is 2163901 composite?
True
Is 5036763 a composite number?
True
Is 140972011 a prime number?
False
Is 46237733 prime?
True
Is 1904947 a composite number?
True
Is 716783 prime?
True
Is 4670726 composite?
True
Is 13278731 prime?
False
Is 3241423 prime?
True
Is 180668821 composite?
True
Is 427453055 prime?
False
Is 22699681 composite?
False
Is 345375809 a prime number?
True
Is 19865509 a prime number?
False
Is 241113157 prime?
True
Is 3830381 a composite number?
True
Is 1948601 composite?
False
Is 2577243 composite?
True
Is 19700767 composite?
False
Is 3289901 a composite number?
True
Is 464443037 a composite number?
False
Is 65791 a composite number?
True
Is 89977 a composite number?
False
Is 10053121 prime?
False
Is 191531 a prime number?
True
Is 254324977 composite?
False
Is 3446231 prime?
True
Is 43361369 a prime number?
True
Is 18694591 a prime number?
False
Is 2669659 a prime number?
True
Is 2155589 a prime number?
False
Is 665845363 a prime number?
True
Is 4465259 a prime number?
True
Is 1619251 prime?
False
Is 77877101 prime?
True
Is 128406013 a prime number?
False
Is 22324303 composite?
True
Is 12213121 prime?
False
Is 120883333 a composite number?
False
Is 101628487 a prime number?
True
Is 20375031 a composite number?
True
Is 2464451 a composite number?
True
Is 59411927 a prime number?
True
Is 57949763 composite?
False
Is 8338783 a prime number?
False
Is 13933457 composite?
True
Is 9222767 a prime number?
True
Is 1290229 prime?
False
Is 29356307 a prime number?
True
Is 41171129 prime?
True
Is 9013099 composite?
True
Is 435677861 a prime number?
False
Is 26509661 prime?
True
Is 3291998 composite?
True
Is 39942971 prime?
True
Is 3612821 prime?
True
Is 8118301 a composite number?
True
Is 141522833 a composite number?
False
Is 4474473 composite?
True
Is 1459057 prime?
False
Is 20886439 a composite number?
True
Is 134732681 a composite number?
False
Is 4942117 composite?
True
Is 101599 a prime number?
True
Is 575747 composite?
False
Is 719767 prime?
False
Is 4686503 prime?
False
Is 7493237 composite?
False
Is 36753511 prime?
True
Is 2625481 composite?
False
Is 84210379 a composite number?
True
Is 15145571 prime?
False
Is 7468229 a composite number?
False
Is 95539 a prime number?
True
Is 23580586 composite?
True
Is 6823373 a prime number?
True
Is 22009829 composite?
False
Is 266354653 a composite number?
False
Is 2840714 a prime number?
False
Is 60327211 composite?
True
Is 2981819 prime?
True
Is 17514019 composite?
False
Is 22906829 composite?
True
Is 78454333 prime?
True
Is 20610113 a prime number?
True
Is 1634753 a composite number?
False
Is 21153809 composite?
False
Is 9459707 composite?
False
Is 1932317 a composite number?
False
Is 308663 a prime number?
True
Is 204761173 composite?
False
Is 963192211 composite?
False
Is 5419241585 a composite number?
True
Is 319360771 a prime number?
False
Is 4700769 a composite number?
True
Is 15624449 prime?
False
Is 31504541 a composite number?
True
Is 597911 prime?
False
Is 828493 composite?
True
Is 946969 a composite number?
False
Is 59086073 a composite number?
True
Is 21535583 a composite number?
True
Is 1397381 composite?
True
Is 34901623 a prime number?
True
Is 3081153 composite?
True
Is 84851999 composite?
True
Is 18654971 a prime number?
True
Is 19842367 a prime number?
True
Is 18504707 composite?
True
Is 16051253 a prime number?
True
Is 3838423 prime?
True
Is 511167 composite?
True
Is 21969107 a composite number?
False
Is 341839 composite?
False
Is 44854057 composite?
False
Is 65424713 a prime number?
True
Is 21190991 composite?
False
Is 94889 prime?
True
Is 11232869 a composite number?
True
Is 187045 prime?
False
Is 175985665 composite?
True
Is 4317361 a composite number?
False
Is 687049 a prime number?
False
Is 125371 a composite number?
False
Is 237308609 prime?
True
Is 4955537 prime?
True
Is 54531613 prime?
False
Is 118651 a composite number?
True
Is 35096159 prime?
False
Is 58534415 a composite number?
True
Is 94874137 composite?
False
Is 2927389 prime?
True
Is 18153451 a prime number?
False
Is 1688261 a composite number?
False
Is 99014017 a prime number?
False
Is 4751261 composite?
False
Is 18128371 a prime number?
False
Is 5982983 composite?
False
Is 320461 composite?
True
Is 441073 composite?
False
Is 3070601 composite?
False
Is 40671671 prime?
True
Is 481006 a prime number?
False
Is 4994201 a composite number?
True
Is 1271069 a composite number?
False
Is 43599554 composite?
True
Is 347003 a composite number?
False
Is 5915633 composite?
True
Is 79509071 composite?
False
Is 10232237 prime?
False
Is 1048994229 prime?
False
Is 1678621 a prime number?
False
Is 26277443 a prime number?
False
Is 105817 a prime number?
True
Is 58390127 composite?
False
Is 5775283 composite?
True
Is 1204207 composite?
False
Is 8482667 a composite number?
True
Is 13599517 composite?
True
Is 171364327 a prime number?
False
Is 975901 a composite number?
False
Is 299221663 a prime number?
False
Is 399757 prime?
True
Is 3657763 a prime number?
False
Is 5083445 composite?
True
Is 1911337 composite?
True
Is 111848813 prime?
False
Is 2040397 prime?
False
Is 491899 composite?
False
Is 36060091 composite?
False
Is 5842307 a prime number?
False
Is 26802301 a composite number?
False
Is 2395213 prime?
True
Is 93815993 prime?
True
Is 25120547 composite?
False
Is 437669 a composite number?
True
Is 15214249 prime?
True
Is 19632149 a prime number?
False
Is 4805249 composite?
False
Is 35222149 composite?
False
Is 4678633 composite?
True
Is 1528193 a composite number?
True
Is 29415917 a prime number?
True
Is 620495983 prime?
True
Is 51329603 a composite number?
True
Is 167530119 composite?
True
Is 129251701 a prime number?
True
Is 3381061 composite?
True
Is 74126795 a composite number?
True
Is 7364879 a prime number?
True
Is 9085891 prime?
True
Is 9966235 a composite number?
True
Is 691871 a composite number?
False
Is 15488699 prime?
False
Is 124729939 composite?
True
Is 5755559 a prime number?
True
Is 915426773 composite?
True
Is 12583373 a prime number?
False
Is 547381 prime?
False
Is 9642379 composite?
True
Is 2119121 composite?
False
Is 109829779 a prime number?
False
Is 221689151 composite?
True
Is 3639047 a prime number?
False
Is 64264961 composite?
False
Is 157227943 a composite number?
False
Is 2469691 a composite number?
True
Is 5595043 a prime number?
True
Is 9776434 composite?
True
Is 406900801 composite?
True
Is 520427153 composite?
False
Is 27025871 prime?
False
Is 150338113 composite?
False
Is 415068611 composite?
False
Is 35121401 a composite number?
True
Is 307859 prime?
True
Is 847823761 a prime number?
True
Is 37058761 a composite number?
False
Is 678271697 a prime number?
True
Is 598198331 a composite number?
True
Is 13093283 prime?
False
Is 212127023 prime?
True
Is 5822489 a prime number?
True
Is 1155205 composite?
True
Is 5744881 a prime number?
False
Is 669281 prime?
False
Is 52980107 a prime number?
False
Is 10462313 prime?
True
Is 103787 composite?
False
Is 57948357 prime?
False
Is 175061813 a prime number?
